{"id":83,"date":"2017-05-04T16:11:40","date_gmt":"2017-05-04T14:11:40","guid":{"rendered":"https:\/\/bonagro.eu\/?page_id=83"},"modified":"2017-05-09T17:03:17","modified_gmt":"2017-05-09T15:03:17","slug":"mechanizace","status":"publish","type":"page","link":"https:\/\/bonagro.eu\/index.php\/mechanizace\/","title":{"rendered":"Mechanizace a doprava"},"content":{"rendered":"<p>St\u0159edisko dopravy a mechanizace zaji\u0161\u0165uje p\u0159ev\u00e1\u017en\u011b vnitropodnikov\u00e9 pr\u00e1ce pro pot\u0159eby rostlinn\u00e9 a \u017eivo\u010di\u0161n\u00e9 v\u00fdroby podniku a tak\u00e9 poskytuje slu\u017eby ostatn\u00edm z\u00e1kazn\u00edk\u016fm. Mechanizace je pr\u016fb\u011b\u017en\u011b obm\u011b\u0148ov\u00e1na nov\u00fdmi v\u00fdkonn\u00fdmi stroji. Podnik disponuje 18ti kolov\u00fdmi traktory od v\u00fdrobce John Deere, New Holland, Zetor a jedn\u00edm p\u00e1sov\u00fdm traktorem Challenger MT 865 C s v\u00fdkonem motoru 390 kW. V\u00fdkony motor\u016f kolov\u00fdch traktor\u016f jsou od 50 kW do 200 kW, nejv\u00edce traktor\u016f m\u00e1 v\u00fdkon 150 kW. Pro traktorovou dopravu zem\u011bd\u011blsk\u00fdch komodit i r\u016fzn\u00e9ho materi\u00e1lu je zaji\u0161t\u011bno 6 velkoobjemov\u00fdch n\u00e1v\u011bs\u016f. N\u011bkter\u00e9 z n\u00e1v\u011bs\u016f jsou \u0159e\u0161eny jako v\u00fdm\u011bnn\u00e9 n\u00e1stavby pro \u0161ir\u0161\u00ed vyu\u017eit\u00ed. V\u00fdm\u011bnn\u00e9 n\u00e1stavby lze jednodu\u0161e m\u011bnit podle pot\u0159eby pracovn\u00ed operace za vanovou korbu, rozmetadlo statkov\u00fdch hnojiv, cisternu na dovoz vody pro post\u0159ikova\u010d nebo hadicov\u00fd aplik\u00e1tor tekut\u00fdch hnojiv. Ke sklizni obilnin slou\u017e\u00ed v\u00fdkonn\u00e9 ml\u00e1ti\u010dky Claas Lexion, New Holland CX a TX. Pro efektivn\u011bj\u0161\u00ed sklize\u0148 obilovin byl po\u0159\u00edzen p\u0159ekl\u00e1dac\u00ed n\u00e1v\u011bs. Zpracov\u00e1n\u00ed sl\u00e1my z obilnin je \u0159e\u0161eno lisem na velk\u00e9 hranolov\u00e9 bal\u00edky Claas Quadrant 3400. Pro svoz a stohov\u00e1n\u00ed bal\u00edk\u016f sl\u00e1my byl po\u0159\u00edzen sb\u011brac\u00ed a stohovac\u00ed v\u016fz Arcusin. Sklize\u0148 sen\u00e1\u017ee a kuku\u0159ice na sil\u00e1\u017e je zaji\u0161t\u011bna pomoc\u00ed skl\u00edzec\u00edch \u0159eza\u010dek Claas Jaguar 870 SpeedStar. Se\u010den\u00ed p\u00edcnin je vy\u0159e\u0161eno \u017eac\u00ed kombinac\u00ed Kuhn se z\u00e1b\u011brem 6 m. Ke sb\u011bru sena jsou v podniku 2 sen\u00e1\u017en\u00ed vozy P\u00f6ttinger. Nezbytnou operac\u00ed je chemick\u00e1 ochrana rostlin, proto byly po\u0159\u00edzeny 2 samoj\u00edzdn\u00e9 post\u0159ikova\u010de Hardi Alpha Twin Force s pracovn\u00edm z\u00e1b\u011brem ramen 36 m. Set\u00ed plodin je zaji\u0161\u0165ov\u00e1no sec\u00edmi stroji P\u00f6ttinger, Horsch, Great Plains, Kinze, Multicorn, Unicorn. Zpracov\u00e1n\u00ed p\u016fdy je p\u0159ev\u00e1\u017en\u011b prov\u00e1d\u011bno p\u00e1sov\u00fdm traktorem a k n\u011bmu vhodn\u011b zvolen\u00fdm n\u00e1\u0159ad\u00edm od v\u00fdrobc\u016f Horsch, K\u00f6ckerling, Gr\u00e9goire Besson. K nakl\u00e1dce a manipulaci s materi\u00e1ly slou\u017e\u00ed v podniku manipul\u00e1tory CAT TH 330 B, JCB 541, smykov\u00e9 naklada\u010de Locust 752. T\u011b\u017ekou nakl\u00e1dku materi\u00e1lu m\u00e1 na starosti kolov\u00fd naklada\u010d CAT 924G.<br \/>\nDOPRAVA \u2013 nab\u00edz\u00edme:<\/p>\n<p>vnitrost\u00e1tn\u00ed i mezin\u00e1rodn\u00ed n\u00e1kladn\u00ed dopravu,<br \/>\ndopravu materi\u00e1l\u016f n\u00e1kladn\u00edmi soupravami MAN TGA 26.430, MAN TGS 26.440, s mo\u017enost\u00ed t\u0159\u00edstrann\u00e9ho skl\u00e1p\u011bn\u00ed korby, u\u017eitn\u00e1 hmotnost soupravy 26 tun,<br \/>\nkontejnerovou dopravu vozidlem MAN TGM 18.280 s objemem kontejner\u016f 5, 6, 8 m3 a speci\u00e1ln\u00edm kontejnerem pro dopravu hrozn\u016f,<br \/>\ndopravu materi\u00e1lu valn\u00edkov\u00fdm vozidlem DAEWO AVIA D 90 s hydraulickou rukou s dosahem 7 m,<br \/>\nnakl\u00e1d\u00e1n\u00ed materi\u00e1lu teleskopick\u00fdm manipul\u00e1torem CAT TH 330 B,<br \/>\nnakl\u00e1d\u00e1n\u00ed materi\u00e1lu kolov\u00fdm naklada\u010dem CAT 924 G,<br \/>\npr\u00e1ce autoje\u0159\u00e1bem TATRA,<br \/>\nopravy zem\u011bd\u011blsk\u00fdch stroj\u016f,<br \/>\nnab\u00eddku parkovac\u00edch m\u00edst a odstavn\u00fdch ploch na st\u0159edisc\u00edch,<br \/>\ntankovan\u00ed pohonn\u00fdch hmot na st\u0159edisku Tvaro\u017en\u00e1,<br \/>\npron\u00e1jem prostor.<\/p>\n","protected":false},"excerpt":{"rendered":"<p>St\u0159edisko dopravy a mechanizace zaji\u0161\u0165uje p\u0159ev\u00e1\u017en\u011b vnitropodnikov\u00e9 pr\u00e1ce pro pot\u0159eby rostlinn\u00e9 a \u017eivo\u010di\u0161n\u00e9 v\u00fdroby podniku a tak\u00e9 poskytuje slu\u017eby ostatn\u00edm z\u00e1kazn\u00edk\u016fm. Mechanizace je pr\u016fb\u011b\u017en\u011b obm\u011b\u0148ov\u00e1na nov\u00fdmi v\u00fdkonn\u00fdmi stroji. Podnik disponuje 18ti kolov\u00fdmi traktory od v\u00fdrobce John Deere, New Holland, Zetor a jedn\u00edm p\u00e1sov\u00fdm traktorem Challenger MT 865 C s v\u00fdkonem&#8230;<\/p>\n","protected":false},"author":1,"featured_media":0,"parent":0,"menu_order":0,"comment_status":"closed","ping_status":"closed","template":"","meta":{"footnotes":""},"class_list":["post-83","page","type-page","status-publish","hentry"],"_links":{"self":[{"href":"https:\/\/bonagro.eu\/index.php\/wp-json\/wp\/v2\/pages\/83","targetHints":{"allow":["GET"]}}],"collection":[{"href":"https:\/\/bonagro.eu\/index.php\/wp-json\/wp\/v2\/pages"}],"about":[{"href":"https:\/\/bonagro.eu\/index.php\/wp-json\/wp\/v2\/types\/page"}],"author":[{"embeddable":true,"href":"https:\/\/bonagro.eu\/index.php\/wp-json\/wp\/v2\/users\/1"}],"replies":[{"embeddable":true,"href":"https:\/\/bonagro.eu\/index.php\/wp-json\/wp\/v2\/comments?post=83"}],"version-history":[{"count":3,"href":"https:\/\/bonagro.eu\/index.php\/wp-json\/wp\/v2\/pages\/83\/revisions"}],"predecessor-version":[{"id":130,"href":"https:\/\/bonagro.eu\/index.php\/wp-json\/wp\/v2\/pages\/83\/revisions\/130"}],"wp:attachment":[{"href":"https:\/\/bonagro.eu\/index.php\/wp-json\/wp\/v2\/media?parent=83"}],"curies":[{"name":"wp","href":"https:\/\/api.w.org\/{rel}","templated":true}]}}